987 = -p. Is p composite?
True
Let c(p) = -302*p**3 - 4*p**2 + 33*p + 286. Is c(-9) composite?
False
Let p(y) = 893*y**3 + 4*y**2 - 16*y + 127. Is p(8) a prime number?
False
Suppose 620321 + 408735 = 78*f - 689362. Is f a prime number?
True
Suppose d = -3*t + 197, 4*d - 713 = 2*t + t. Suppose d*n + 3812 = 186*n. Is n prime?
True
Let k = 5110 + 4557. Let a = k - 6290. Is a composite?
True
Suppose -5*h + 4*a + 381125 = 0, -5*h = -3*a + 103711 - 484841. Is h a composite number?
True
Let j(r) = -376*r - 30. Let a be j(-18). Is (12/8)/(9/a) composite?
False
Suppose 281*b - 284*b = 4*x - 114725, 143430 = 5*x - b. Is x a composite number?
True
Let r(f) = -5 + 21*f - 2*f - 4*f + 157*f**2. Is r(6) prime?
True
Let v(a) = 16*a + 22. Let d be v(-4). Let m = -38 - d. Suppose -1878 = m*g - 7258. Is g a composite number?
True
Suppose 3*q - 5*q = -4*g + 2, -4*q + 2*g = -14. Let j(f) be the second derivative of f**3 + 4*f**2 - 35*f. Is j(q) a prime number?
False
Let q = 507 + -504. Suppose 3*o - 2*o + q*c - 1508 = 0, 5*o - 7556 = c. Is o composite?
False
Let y be (-14)/224*-4 + 15721/(-4). Let i = 11961 + y. Is i prime?
False
Let v = 283 - 279. Suppose 269 = 3*z - v*q, z + 3*q = 2*q + 99. Is z a prime number?
False
Suppose -3*q = -2*q + a - 4348, -17407 = -4*q + a. Suppose -19*f + 16*f + i + 6534 = 0, q = 2*f + i. Is f a composite number?
True
Suppose 5*j = a - 2 + 23, 0 = 3*a + 3*j - 9. Let m be 103/(6/72*12) - 7. Let s = a + m. Is s a prime number?
False
Suppose 0*g - 29697 = -2*g + 5*h, -5*g + 74233 = -3*h. Suppose 4*q - 5*w - g = 0, -2*q + 5*w + 11137 = q. Is q composite?
False
Let b be 2*((-15)/(-12) + (-6)/8). Let c be -4 + 1 + (684 - b) + -2. Suppose -o - 5*j = -c, 4*o - 3363 = -o + 2*j. Is o composite?
False
Suppose 0 = -7*x + 259224 - 46760. Let d = x - 15867. Is d a prime number?
False
Suppose -17*r + 12*r = 4*v - 807, 3*v = 4*r + 613. Is 1 + (-313)/(-7) + 58/v prime?
False
Let o be ((48/(-10))/3)/((-132)/218130). Suppose -y + 2701 = 3*f, 2*y - 2768 = -f + o. Is y composite?
False
Let m be 364/(-52) - (-1389636 + -1). Is m/270 - (-4)/18 composite?
False
Suppose 154*r - 20718755 - 11895687 - 37536100 = 0. Is r composite?
True
Suppose 133894 = -3*w + 4*x + 535875, -3*w - 2*x = -402023. Is w composite?
True
Let t = -64 - -108. Let k = -44 + t. Suppose 2*j = -5*i + 1503, 0*j - 5*j + 5*i + 3740 = k. Is j a composite number?
True
Let t be 63/(-35)*(-3 + 8). Let d(v) = -5*v**3 - 8*v**2 + 2*v + 38. Is d(t) composite?
True
Is 45079/(7/((-140)/(-20))) prime?
False
Let v = 119 + -88. Suppose 81 = -v*k + 34*k. Let z = 2486 - k. Is z a composite number?
False
Suppose -g = -2*g + 2. Let b be (4*(-12318)/(-24))/(g/22). Suppose 0 = -6*p - 5*p + b. Is p a prime number?
True
Suppose -35*p = -4*x - 31*p + 3007200, 6*x - 4510816 = -2*p. Is x a prime number?
False
Let a(o) = -o**3 - 14*o**2 + 18*o + 29. Let p be a(-15). Let z(s) = 100*s**2 + 7*s + 47. Is z(p) composite?
True
Let f(s) be the first derivative of 2*s**3/3 - 17*s**2/2 - 14*s + 9. Suppose -v = -17 + 4. Is f(v) prime?
True
Let u be (-912921)/(-18) + 14/84. Let i = u + -10027. Is i prime?
False
Let j(p) = -3*p - 1. Let o be 0 + 4 + -4 - 6. Let q be j(o). Let y(s) = s**2 - 8*s - 11. Is y(q) composite?
True
Suppose 0 = 5*n + 31517 - 32082. Is n a prime number?
True
Let b(r) = 26294*r**2 + 71*r + 325. Is b(-6) a composite number?
True
Let w(s) = -142 + 2239*s - 145*s + 234 - 115. Is w(4) prime?
True
Let n(f) = 5776*f**2 + 53*f - 588. Is n(11) composite?
False
Let p(t) = t**2 - 10*t - 24. Suppose -8*f = -6*f - 26. Let l be p(f). Suppose 0 = -5*x + l, 3*v - 5511 = -x + 5*x. Is v prime?
False
Is ((-15365)/7)/(585/(-381303)) composite?
True
Suppose 6875 = 6*x + 821. Suppose 109*b - 108*b - x = 0. Is b composite?
False
Let y(a) = -138*a**2 + 2. Let m be y(-1). Let c be (-3)/7 + m/(-7). Suppose 11*x - c - 344 = 0. Is x a prime number?
False
Suppose -6*o = 79*o - 37032545. Is o a composite number?
True
Let j(w) = 4*w**2 - 2. Let a be j(1). Suppose -5 = -a*m + 1. Suppose -4*v + 5*p = -886, -v - 5*p - 448 = -m*v. Is v a prime number?
False
Let u(i) = 322*i - 17. Let y be u(-5). Let t = 150 - y. Is t a prime number?
True
Let l be (-5)/(-20) - 1/4. Let b be 4 + (-4)/(0 - (l - 2)). Is b/(2160/2155 + -1) prime?
False
Suppose 4*x = -4*k - 82032, k + 20520 = -3*x + 5*x. Let z = -9665 - k. Is z a composite number?
False
Suppose -a + 3*d = -11, -3*d - 13 - 2 = -3*a. Suppose 2*q + 913 = 3*q. Suppose w + q = a*w. Is w a prime number?
False
Suppose 2*g = -4*q + 54050, g - 4513 = 3*q + 22527. Suppose -g = -12*x - 5419. Is x composite?
False
Let a(t) be the first derivative of -3*t**4/4 - 3*t**3 - 6*t**2 + 7*t + 120. Let d be 2/7 + (-88)/14. Is a(d) a composite number?
True
Suppose 0 = -4*w + 9*w + 28365. Let y = w - -10534. Is y composite?
False
Let b(p) = 4*p**2 + 2*p - 54. Let d be b(-23). Suppose -f + d + 5951 = 0. Is f prime?
False
Is (-536)/670 + (-201089)/(-5) a composite number?
True
Let h(y) = -35*y + 142. Let c be h(18). Let r = -26 + -905. Let m = c - r. Is m prime?
True
Let y be 5/10 - 274/(-8)*2. Let g = y - 75. Is -158*g/((-48)/(-28)) a composite number?
True
Let k(z) = 89*z - 93. Let j(b) = b**2 + 5*b - 44. Let t be j(-11). Is k(t) a prime number?
False
Let y = 708 - 717. Let l(i) = 28*i**2 + 11*i + 8. Is l(y) prime?
False
Let k(n) = 17*n + 2*n**2 + 20 - 2*n**2 + 9 + 2*n**2. Let q = 248 + -258. Is k(q) prime?
True
Let j = 711056 - 502035. Is j a composite number?
False
Let g be -3 - ((-28)/6)/((-28)/(-42)). Suppose 3*t - 3*k - 31 = -10, -g*t - k = -18. Suppose -t*y - 2630 = -15*y. Is y prime?
True
Suppose -20236 = -4*v - 4*r, v + 4*v + 4*r - 25295 = 0. Let x = v - 3110. Is x a prime number?
True
Suppose -2*o + 2299754 = -4*i, -28*o - 22*i = -27*o - 1149781. Is o a composite number?
True
Suppose -j + 10*j = 7*j. Suppose 3*p + 0*p - 5*p = j. Suppose -y = -3, 4*f + 4*y - 5887 - 3945 = p. Is f composite?
True
Let m = -123989 - -410406. Is m a prime number?
False
Let m(c) = c**2 - 13*c + 49. Let f be (9 - 0)*(-30)/(-45). Let v be m(f). Suppose v*o = 317 + 2861. Is o a prime number?
False
Let a = -107 - -116. Suppose 4 = a*u - 10*u. Is u/((-16)/2340) - -2 prime?
True
Suppose 5*s - 1274665 = -5*h, 9*s - 11*s - 509858 = -2*h. Is h prime?
False
Suppose -3*w - 3*u = 2*u - 2350, 4*w - 3122 = -u. Let y = w - 193. Is y a prime number?
True
Let m be (-1*180)/(12/(-184)). Suppose 3*r = 13*r - m. Suppose 3*z = 33 + r. Is z composite?
False
Let p(g) = 301*g - 48. Let l be p(10). Let x = l + 1891. Is x a prime number?
False
Let w = 169 - -957. Let d be 3277/5 + 6/10 + -1. Let v = w - d. Is v prime?
False
Let s = -72 - -77. Suppose 2*t - 1 = 7. Suppose -y = -t*x + 1946, x - 676 + 179 = -s*y. Is x prime?
True
Let d(k) = -k - 2. Let o(m) = 2*m + 1. Let j(l) = 3*d(l) + 2*o(l). Let q be j(9). Is 1065*(0 - q/(-15)) a composite number?
True
Let r be (16 - 0/2)/((-7)/(-21)). Let f = 56 - r. Is ((-34041)/84)/((-2)/f) prime?
True
Let m(l) = 17*l - 7 - 22 - l**3 - 21*l**2 - 13*l + 33*l. Suppose z = -4*z + 3*r - 112, -3*r - 118 = 5*z. Is m(z) composite?
True
Let m(i) = 3*i - i + 15 + 27. Let s be m(-19). Let g(f) = 4*f**3 + f**2 - 4*f - 3. Is g(s) prime?
False
Is 258/(-344) - 1/(12/(-1048593)) composite?
True
Suppose -1379 + 1475 = -12*c. Let t be 1086/4 - (-1)/(-2). Let u = c + t. Is u prime?
True
Suppose 3*q = -3*z - 150, -76 = 2*z + 4*q + 24. Let h = -48 - z. Suppose -1342 = -5*r + 3*t, -h*r - 2*r = 2*t - 1078. Is r a prime number?
True
Suppose -d - l = -85301, -65*l + 341207 = 4*d - 60*l. Is d composite?
True
Let t = 42 - 31. Let o(i) = -t*i + 26 - 44 - 30. Is o(-23) composite?
True
Let x = -27957 + 61076. Is x a composite number?
False
Suppose 2*g - 5*n + 7 = 0, 0 = n + 1 - 2. Let p be (18/12*20/(-6))/g. Suppose -3*s = -4*s - p*a + 14, -40 = -2*s + 2*a. Is s prime?
True
Is (-27 - (-19 - 7))*(-43626 - 1) a prime number?
True
Let c = 8720 - -33615. Is c prime?
False
Suppose 2*q - 2 = 0, 2*u - q - 9544 = 46001. Suppose -8*r - 6972 = -d - 3*r, -4*d = 3*r - u. Is d a composite number?
False
Let j(z) = 17*z - 147. Let n = 309 - 281. Is j(n) a prime number?
False
Suppose 3*q + 3*q - 230303 = 220603. Is q a prime number?
False
Suppose -269*k = -262*k - 319984. Let o = k - 17561. Is o composite?
False
Suppose 3*r + 67*n - 70*n - 362568 = 0, -r - n +